-50))/(4308/(-4300) + 1)?
5
What is the units digit of 2220 + 2 - 19/(-19)?
3
Let w(s) be the first derivative of -20*s**2 - 25*s - 654. Suppose 2*r = -3*t - 20, 4*t + 2*r = -4 - 22. What is the hundreds digit of w(t)?
2
Let h(o) = -518*o - 1. Let k = 53 - 55. Let p be h(k). Suppose 6*x - p = x. What is the hundreds digit of x?
2
Let f(k) = 8*k**2 - 67*k - 81. What is the tens digit of f(-9)?
7
Let a be -88*6*(-6)/16. Suppose 3*k - k - a = 0. What is the tens digit of k?
9
Suppose -64 = -2*t - 5*p, -12 = -5*t + 4*p + 214. Let z be 1*t/4*2. What is the tens digit of z/2 - 2/4?
1
Suppose i - 6 + 13 = 2*l, 5*l - 10 = -5*i. Suppose -4*b + 6*b = l*z - 306, -5*b - 401 = -4*z. What is the units digit of z?
4
Let z = -28063 - -41437. What is the tens digit of z?
7
Suppose 17*i - 15 = 12*i, -2*r = -5*i + 21. Let u be (-4)/(-6) + 100/(-6). What is the units digit of (45/r)/(6/u)?
0
Let c(z) = -109*z**3 - z**2 - 8*z + 5. What is the hundreds digit of c(-3)?
9
Let q(i) = 45*i - 306. Let v(s) = -9*s + 61. Let y(o) = -5*q(o) - 24*v(o). Let b be y(0). Suppose -3*u + 6*u - b = 0. What is the units digit of u?
2
Let f(t) = -25 - 9 + 169*t - 8*t**2 - 6*t**2 + 16*t**2 - 6*t**2. What is the tens digit of f(41)?
7
What is the hundreds digit of 12 + -4 + -20 + 3 + 32659?
6
Let a be 10/65 + -1 + 63/13. Suppose -a*d = -1 + 5, -d - 89 = -2*l. What is the tens digit of l*1 + (-8 - -8)?
4
Let m = -39851 - -64084. What is the units digit of m?
3
Let q(y) = 55*y**2 - 36*y - 388. What is the units digit of q(-12)?
4
Let x(p) = -p**2 - 31*p - 44. Let a be x(-22). Let t = -143 + a. Suppose 5*i - 5*g = 1370, -9 = 5*g + t. What is the units digit of i?
0
Suppose -3020 = 70*p - 80*p. What is the tens digit of p?
0
Let z(u) = u**2 - 2*u + 10. Let m(s) = -s**2 + s + 1. Let d be (-39)/(-26)*(-2)/(-3). Let l(w) = d*z(w) + 2*m(w). What is the units digit of l(0)?
2
Let d(y) = -y**2 - 8*y. Let x be d(-6). Let r be 1/((-1)/(-2))*28. What is the units digit of (r/x)/((-2)/(-9))?
1
What is the units digit of 3/((-9)/(-6)) - 37314/(-9)?
8
Let l(c) = 5*c**2 - 2*c - 1. Let v be l(-1). Suppose v*y - 92 = 22. What is the units digit of y?
9
Suppose d = 2*j + 13415, -4*d + 5*j + 2165 = -51516. What is the tens digit of d?
2
Suppose 4*f + 4 = 0, -p - 569 = -3*f - 3848. What is the hundreds digit of p?
2
What is the tens digit of (162/(-351) - 201/(-13))*503?
4
Let r(i) be the first derivative of i**5/24 - 7*i**4/8 - 4*i**3 - 16. Let v(t) be the third derivative of r(t). What is the units digit of v(7)?
4
Let r = 6963 - 2013. What is the thousands digit of r?
4
Let x be (-3840)/(-352) - (2 - (-92)/(-44)). Suppose -3*w = 5*i - 97 - 184, -w + 57 = i. Let m = i - x. What is the tens digit of m?
4
Let v(d) = -2*d**2 + 321 - 30*d**3 - 4*d + d**2 - 38*d**3 + 69*d**3. What is the hundreds digit of v(0)?
3
Let l(q) = 22797*q**2 - 1482*q - 1482. What is the thousands digit of l(-1)?
2
Let l be (-26)/13 + 5*1 + -37. What is the tens digit of (1 - -1)*(-935)/l?
5
Let c = 28 - 26. Suppose c*m + 12 - 22 = 0. Suppose 3*n = -m*i + 7*n + 315, i - 2*n - 63 = 0. What is the tens digit of i?
6
Let u = 2443 - -5789. What is the units digit of u?
2
Let r = 10504 - 4090. What is the units digit of r?
4
Suppose -q + 2*l + 14207 = 0, -3*q - l - 99436 = -10*q. What is the tens digit of q?
0
Suppose 7*a - 12*a + 4*h - 15 = 0, -4*h + 24 = 4*a. What is the units digit of a/5 - (-9 + 7820/(-25))?
2
What is the units digit of -78544*(-3)/30 + 30/(-75)?
4
What is the tens digit of ((-12)/(-18) - 0)/(6*2/307332)?
7
Suppose 6*s = 8*s - 40. Let h = s + -15. Suppose 2 = -l - d + 49, -2*d = h*l - 250. What is the tens digit of l?
5
Suppose 190*d = 83*d - 107*d + 5144132. What is the ten thousands digit of d?
2
Let k(p) = p**3 - 3*p**2 - 19*p + 10. Let y be k(6). Suppose 2*n = -n - y*x + 2240, n - 5*x = 715. What is the tens digit of n?
4
What is the units digit of 32/(-12) + 3 + (-25386)/(-36)*22?
4
Suppose -14444 = -4*m - 3*y, 49*m - 2*y - 7250 = 47*m. What is the tens digit of m?
1
Let b = -60 + 66. Suppose -9*s + b*s + 1032 = 0. What is the tens digit of s?
4
Let m = 16762 + 8644. What is the units digit of m?
6
Let d = 30431 + -19422. What is the ten thousands digit of d?
1
Let b(j) = -j**3 + 7*j**2 - j + 11. Let v be b(7). What is the units digit of -4*(-150)/4 + v?
4
Suppose -928478 = -458*q + 421*q. What is the hundreds digit of q?
0
Let c be ((-77)/2 - 3)*-46. Suppose -6*l = -c + 523. What is the hundreds digit of l?
2
Let k(g) = -g**2 + 5*g + 14. Let b be k(6). What is the units digit of ((-540)/b)/(3/(-6))?
5
Let g = -48 - -46. What is the hundreds digit of (-22 + 655)*g/(-2)?
6
Let p(f) = -15*f - 56. Let n(u) be the second derivative of -25*u**3 - 561*u**2/2 + 16*u. Let z(r) = 2*n(r) - 21*p(r). What is the hundreds digit of z(10)?
2
Suppose 106885 = 33*x - 64847. What is the units digit of x?
4
Let a(o) = -618*o + 26. Let m be a(-2). Suppose -2*w + 5*w - m = -5*s, w - 398 = 4*s. What is the units digit of w?
4
Suppose i - 5*l = -31, -8*i + 4*i - 3*l = 193. Let f = i - -53. Suppose 426 = f*j - j. What is the units digit of j?
1
Suppose 47 - 131 = -7*y. Suppose 14*o - y*o + 2902 = 4*q, -2*o + 10 = 0. What is the tens digit of (q/10)/(-7)*-5?
5
Suppose -2*r + 0 = -6. Let h = -14441 - -14948. Suppose 3*n = -4*s + h, 5*n - 831 = s - r*s. What is the units digit of n?
5
Let j be -15 - 1*(-10 - -2). What is the tens digit of 1*j/(-35)*5705?
4
Let h = 624 + 19999. What is the units digit of h?
3
Let a = 7868 - 6018. What is the units digit of a?
0
What is the thousands digit of (-2*2/(-4))/((-37498902)/(-1249962) - 30)?
9
Suppose 157 - 154 = -3*z. What is the units digit of 342 - 5 - -3 - z?
1
Let t = -52 - -60. Let x(j) = -t - 548*j - 10 + 524*j. What is the hundreds digit of x(-5)?
1
Let r(j) = 97*j**3 + 2*j**2 - 45*j + 110. What is the units digit of r(4)?
0
Let r(i) = -1341*i - 7871. What is the ten thousands digit of r(-35)?
3
Let l be 4 + 101/2 - (-6)/(-4). Suppose 0 = -l*z + 57*z - 1052. What is the hundreds digit of z?
2
Let m be ((-802)/(-4))/((-3)/(-18)). Let l = m - 804. What is the hundreds digit of l?
3
Let c(k) = -k**3 - 15*k**2 - 9*k - 22. Let t = 198 - 302. Let g be 3 + t/6 + 10/(-15). What is the tens digit of c(g)?
1
Suppose 21*j = 7 - 91. What is the hundreds digit of 0 + j - (-7)/(14/888)?
4
Suppose 76*b - 64*b - 816924 = 0. What is the hundreds digit of b?
0
Suppose 5*z + 7 = 11*x - 13*x, 5*x + 7 = -2*z. What is the hundreds digit of 1905*x/((-15)/6)?
7
Let g be (3 - 0)/((-1)/(24/(-12))). Suppose 0 = -3*q - q + 208. Suppose -m + q = -g. What is the units digit of m?
8
Let p be (-116)/174*(-12)/2. Suppose -5 - 4 = -3*n. Suppose 355 = n*o - p*v, 0*o - 105 = -o - 2*v. What is the units digit of o?
3
Let d = 3397 - -4081. What is the tens digit of d?
7
Let t be (-220)/(-385) - 10251/(-7). Let j = t - 960. What is the units digit of j?
5
Suppose -4*m + 15678 = 2*u, -2*m - 7859 = -7*u + 6*u. What is the tens digit of u?
4
Let n = 5470 - 1231. What is the units digit of n?
9
Let q = 80 - 90. Let y(d) = 6*d**2 + 25*d + 11. What is the units digit of y(q)?
1
Let r = -20754 - -33184. What is the units digit of r?
0
Suppose -11682 = -2*l + 4*r, l + 19*r - 5841 = 14*r. What is the tens digit of l?
4
Let u = 17 + -12. Suppose 0*n - n + u*y + 83 = 0, n - 90 = -2*y. What is the units digit of n?
8
Let x = 248 - 251. What is the units digit of -5 + -327*2/x?
3
Let t(l) = l - 15. Let b be t(19). Suppose b*x - 2*k - 322 = 0, 0 = -3*x - x + 3*k + 327. What is the tens digit of x?
7
Let a(c) = 926*c + 1987. What is the units digit of a(5)?
7
Suppose -3*v + 4 = -2*u + 1, 4*u + 2 = 2*v. Suppose u = -7*r + 554 + 1168. What is the tens digit of r?
4
Let d be (-6)/45 - (-1654)/30. Suppose 0 = -2*h - 5*v + d, 2*v + 22 = 3*h - 13. What is the units digit of (-2)/10 + -3 + 753/h?
7
Let v(l) = l**3 + 7*l**2 + 8*l + 11. Let c be v(-7). Let t be c/105 + (-34)/(-14). Let s(z) = 21*z**3 + z**2 + 2*z - 3. What is the hundreds digit of s(t)?
1
Suppose 5*f - 20 = -5*w, -4*f - 4*w - w = -16. Suppose -f*t + 698 + 1546 = 0. What is the hundreds digit of t?
5
Let x(h) = -h**3 + 4*h**2 - 3*h + 2. Let f be x(3). Let m be 12/42 + 16/(-7) - f. What is the tens digit of (0 - -1)/(6*m/(-2472))?
0
Suppose -7*o + 9*o = 0. Suppose 3 + o = -w + 3*f, 